(q) = -2*q**2 + 6*q - 9. Let d(i) = -6*c(i) + 5*p(i). Let y(u) = u + 1. Let x be y(-2). Calculate d(x).
-3
Suppose -5*h - 2*w - 6 = 101, -82 = 4*h - 2*w. Let q be 6/h + 23/7. Suppose -3*i - 9 = -q. Let t(p) = -2*p**2 - 3*p - 1. Give t(i).
-3
Let q(j) = -j - 1. Let u(s) = s - 1. Let n(c) = q(c) - 4*u(c). Give n(2).
-7
Let n(k) be the second derivative of 1/2*k**2 + 5*k + 1/6*k**3 + 0. Determine n(5).
6
Let n(u) = 2*u**2 + 0*u - 4 + 2*u**3 + 3 - 2*u. Let v be n(-2). Let m(f) = -2*f**2 + 26*f + 24*f + 7*f**2 - 51*f + f**3. Give m(v).
5
Let d be -1 + 1 + -1 - -1. Suppose d*h + 15 = 5*h. Let w be (6 + 0)*(-2 + h). Let l(r) = -r**2 + 7*r - 3. Calculate l(w).
3
Let p(a) = a + 2. Let k be p(-7). Let q(g) = -g**2 - 13*g + 2. Let d(o) = o**2 + 14*o - 3. Let x(n) = -6*d(n) - 7*q(n). Calculate x(k).
-6
Let d(a) = -a**2 - a + 9. Let b = 13 + -13. Give d(b).
9
Suppose 4*z + 3 = -h, 4*h = -h - 5*z. Let q = h + -4. Let p(x) be the first derivative of -x**2/2 - 2. Determine p(q).
3
Let d(l) = -2*l - 8. Let r(y) = -5*y - 17. Let b(a) = 14*d(a) - 6*r(a). Give b(7).
4
Let h = 266 - 260. Let y(m) = -4*m**2 + 10*m - 7. Let f(t) = t**2 - t + 1. Let i(w) = -3*f(w) - y(w). Determine i(h).
-2
Let s(a) = 2*a - 9. Let g = 50 - 44. Give s(g).
3
Suppose -f - 2*f = 0. Let t = 3 + f. Suppose t*q + 12 = 0, q + 3*q = 4*i - 8. Let b(a) = -4*a - 1. What is b(i)?
7
Let b(g) = -12*g**2 - 2*g + 5. Let u(n) = -6*n**2 - n + 3. Let z = -2 - -7. Let f(m) = z*u(m) - 3*b(m). Calculate f(-1).
5
Let b(s) = -4*s + 4. Suppose 4*u - 10 = 6. Calculate b(u).
-12
Let v(x) = x**2 + 3*x - 2. Suppose 4*t - 34 + 2 = 0. Let z be 6/15 - t/(-5). Suppose z*n - 4 = -2*o, -2*o = -3*n + 2*o - 29. Determine v(n).
-2
Let t(v) = v**3 + 3*v**2 - 6*v - 5. Let j be t(-4). Let p(q) = 1 + q**3 + 5*q - 2*q - q**2 - 4*q**2. Give p(j).
-8
Let w(b) be the first derivative of b**6/360 - b**5/60 - 7*b**4/24 + 4*b**3/3 + 10. Let z(u) be the third derivative of w(u). What is z(5)?
8
Suppose 9*t - 2*n - 10 = 4*t, 0 = 3*t + 2*n - 6. Let z(c) = c - 1. Let a be z(t). Let y = a + -6. Let m(l) = l**3 + 5*l**2 - l - 5. Give m(y).
0
Let u(h) = h**2 - h + 9. Let j(o) = 1. Let z(t) = -6*j(t) + u(t). Calculate z(3).
9
Let p = -16 + 16. Let l(x) be the second derivative of -x**2 + 0 - 1/12*x**4 - x + p*x**3. What is l(2)?
-6
Let x(r) be the first derivative of r**5/20 + r**4/6 - r**3/3 - r**2/2 - 5*r + 7. Let s(i) be the first derivative of x(i). Determine s(-2).
3
Let w(a) = -3*a**2 + 2*a + 1. Let q be (2/(2 + -3))/(-1) - 3. Determine w(q).
-4
Let h(n) = -3*n**3 - 7*n**2 - 7*n + 17. Let t(x) = -x**3 - 3*x**2 - 3*x + 8. Let b(d) = 2*h(d) - 5*t(d). What is b(0)?
-6
Let a(w) = -w**2 - 4*w + 3. Let b be a(-5). Suppose -3*r + 21 = -f, r + f = -3*r + 35. Let t(d) = -5*d + 1 + r*d + 0. Give t(b).
-5
Suppose 16 = 7*t - 3*t. Let x(a) = -a + a - t*a**2 + 1. Determine x(1).
-3
Let c(p) = 5*p - 5. Let i(v) = v. Let a(x) = -c(x) + 4*i(x). Give a(5).
0
Suppose -3*k = -7*k. Suppose 3*g + 3 = -k*g. Let t(f) = 6*f - 1. What is t(g)?
-7
Let h be (2 - -1)/(8 + -7). Let r(n) = 7 - 3*n + n**2 + 1 - 5. Give r(h).
3
Suppose 4*x + 5*q + 2 = 6, -4*x + 5*q + 44 = 0. Let o(s) = -2*s + 6. Let w(j) = j - 1. Let u(p) = -o(p) - w(p). What is u(x)?
1
Suppose 5*a - 2*a = -2*i - 23, -2*a + 22 = -i. Let v be (-40)/(-18) + i/72. Let k(w) = -6*w + 3. Determine k(v).
-9
Let w(k) be the first derivative of -k**3/6 + k**2/2 - 2*k + 2. Let m(h) be the first derivative of w(h). Let u be m(0). Let c(i) = -7*i**3 - 1. Determine c(u).
-8
Let n(p) be the third derivative of -p**8/6720 + p**6/720 - p**5/120 - 7*p**4/24 - p**2. Let c(i) be the second derivative of n(i). What is c(2)?
-7
Let x(h) = -h**3 + h**2 - 1. Suppose 0 = 3*a - 2*a. Let p = a - 5. Let o = p + 7. Determine x(o).
-5
Let d be ((-2)/4 + 2)*-2. Suppose 2*z - 3*z + 4 = 0. Let q(x) = 0*x - 3*x + 6*x - 2 - z*x. Give q(d).
1
Let k(f) be the second derivative of -f**5/20 + f**4/3 + 2*f**3/3 + 31*f - 4. Let j be (1 - 1) + -1 + 6. Give k(j).
-5
Let j be (0 - -3)*(-6)/9. Let o(d) = 3*d**3 + 3*d**2 + 4*d + 3. Give o(j).
-17
Let n(d) = 2*d - 2. Suppose 2*s - 34 = -14. Suppose 5*f = -10 - s. Determine n(f).
-10
Let y(v) = 15*v**3 - v**2 + v - 1. Suppose 0 = -p + 3*w - 11, 0 = -p + 6*p + 2*w - 13. Calculate y(p).
14
Suppose 0 = -z - 3*b + 27, -2*z - 2*b + 35 = -3. Suppose 0 = -2*f + 4*n + 6, -2*f = 2*n + 3*n - z. Let i(l) = -2*l + 3*l - l**2 + 4*l - 6. Give i(f).
-6
Let m(f) = -1 - 1 - 5*f + 4*f**2 + 3*f - f**3 + 0*f. Determine m(3).
1
Let z(j) = j**2 - 6*j + 3. Let q = 12 + -19. Let s(i) = -i**3 - 8*i**2 - 8*i - 3. Let g be s(q). Calculate z(g).
-5
Suppose -l - 4 = -5*g - 2, -5*l + 78 = -3*g. Let u be 4/(-10) + l/45. Let i(m) = m**3 + m**2 + 6. Give i(u).
6
Let b(d) be the first derivative of -d**4/2 - 4*d**3/3 - 3*d**2/2 - d - 1. Suppose -4*n = -2*n + 4. Calculate b(n).
5
Let r(o) = o**3 + 1. Let m(i) = -4*i**3 - i - 2. Let d(n) = -m(n) - 3*r(n). Let p = 1 - 1. Determine d(p).
-1
Let c = -47 + 44. Let q(a) = -a**3 - 5*a**2 - 2*a - 1. Determine q(c).
-13
Let l(f) = f**2 - 2*f + 2*f - f - 3*f + 6. Give l(4).
6
Let t(w) = w**3 + 5*w**2 - 6*w + 7. Let j(k) = 3*k. Let s be j(1). Suppose 4*b + s*m + 40 = 7, -5*b - 21 = -3*m. Determine t(b).
7
Let i(y) = -y + 10. Let o(r) = -3*r**3 - r**2 + r - 2. Let c be o(-2). Suppose 2*b + 14 = -l + 7*b, 4*b - c = 0. Determine i(l).
4
Suppose -2*a = 3 + 1, 2*h = 4*a + 6. Let f(r) = -9*r**2 - r - 5. Let w(x) = 10*x**2 + x + 6. Let v(d) = 5*f(d) + 4*w(d). Determine v(h).
-5
Let m = 1 + 1. Let c(v) be the third derivative of -v**4/8 + v**3/2 - v**2. Determine c(m).
-3
Suppose 3*f + 0*f + 3*b + 30 = 0, -6 = -f + 3*b. Let l(n) = n**3 + 7*n**2 + 6*n - 7. What is l(f)?
-7
Let o(l) = -l**2 - 8*l + 4. Suppose -32 = x + 3*x. Determine o(x).
4
Let y(j) = -j**2 + 3*j + 0*j**2 - 4*j + 5. Suppose -4*l = -5*i - 8, -3*i = -4*i - 2*l - 10. Calculate y(i).
-7
Let j = 1 - -3. Suppose 2*v + 3*x = j - 1, -3*v = 3*x - 6. Let g(s) be the third derivative of s**6/120 - s**5/20 + s**3/6 - s**2. Determine g(v).
1
Let g(i) be the third derivative of 0*i + 0 - 1/120*i**6 + 1/24*i**4 - 1/6*i**3 + 0*i**5 - i**2. Suppose 2*p - 1 = p. Determine g(p).
-1
Let b(j) = 5*j**2 + 5*j + 2. Let z(h) = 4*h**2 + 4*h + 1. Let d(p) = -2*b(p) + 3*z(p). What is d(1)?
3
Suppose 2*x = 6*x. Let i = 5 - 2. Let g(w) = -i - 2*w + 4*w - 3*w - w**3. Calculate g(x).
-3
Let j(d) be the first derivative of 3*d**2 - 2 + 0*d**2 + d - 3*d - d**2. Give j(2).
6
Let i be (((-1)/5)/((-16)/(-60)))/(-9). Let r(j) be the second derivative of -1/20*j**5 + 0 - 1/6*j**3 + i*j**4 + j + j**2. What is r(0)?
2
Let x(l) = -7*l + 8*l - 3*l - 2*l**2 + 2 + 3*l. Give x(-2).
-8
Let z(d) = -3*d - 4*d + d**3 + 4*d + 7*d - 2 - 5*d**2. Let t(x) = -x + 15. Let f be t(11). Calculate z(f).
-2
Let v(r) = 6*r - 8*r - 16 + r + 2. What is v(-14)?
0
Let p = 11 + -9. Let q(l) = -l**p + 4*l - l**3 - 10*l + 7*l. Calculate q(1).
-1
Suppose -5*f + f = -3*s - 1, -5*f + 5*s - 5 = 0. Let p(m) be the second derivative of 1/6*m**3 + m - 1/2*m**2 + 1/3*m**f + 0. Determine p(1).
4
Let f(x) = -x**3 + x**2 + x. Let i = -15 + 14. Give f(i).
1
Let t(i) = -2 + 5*i - i**3 + 0*i - 2*i**2 - 2*i + 0*i. Calculate t(-3).
-2
Let r(f) = -f**2 - 4*f - 2. Let c(v) = 2*v + 6 - 4 + 2. Let z be c(3). Suppose -z = 5*j - 0. What is r(j)?
2
Let q(u) be the third derivative of -u**5/60 + u**4/12 + 2*u**3/3 + 2*u**2. Calculate q(-3).
-11
Let m(y) be the third derivative of 1/60*y**5 + 0 + 3/2*y**3 - 1/24*y**4 - 3*y**2 + 0*y. Give m(0).
9
Let z(d) be the second derivative of 0 - 1/12*d**4 - 3*d**2 + 3*d + 5/3*d**3. Let v be z(10). Let a(o) = o**3 + 7*o**2 + 5*o. Give a(v).
6
Let d(k) be the third derivative of -k**4/12 + 7*k**2. Give d(4).
-8
Let h(f) = f**3 - f**2 + f. Let m(k) = 5*k**3 + k**2 + 9*k + 5. Let n(q) = -4*h(q) + m(q). What is n(-4)?
1
Let a be (12/3)/2*1. Let w(f) = 0*f - f - 15*f**2 + 9*f**a. Calculate w(1).
-7
Let a(z) = -2*z**2 - z + 2. Suppose 26 = -u - 12*u. Give a(u).
-4
Let q be (6/(-9))/((-4)/42). Suppose -24 = -a + q*a. Let d(m) = m + 1. Give d(a).
-3
Let a(q) = -11*q + 4. Let x(m) = 5 - 5 - 1 - 4*m + 2. Let g(d) = -2*a(d) + 7*x(d). Calculate g(-1).
5
Let k(p) be the second derivative of -p**5/20 - p**3/6 + 3*p**2 + p. Let d be -3 + (-28)/7 + 7. What is k(d)?
6
Suppose 2 + 6 = 2*c. Let d(y) 